) to base 7.
-16
What is -1111111 (base 2) in base 3?
-11201
What is 100 (base 3) in base 2?
1001
What is -154 (base 10) in base 2?
-10011010
3 (base 5) to base 7
3
Convert -1005 (base 6) to base 16.
-dd
What is b (base 13) in base 6?
15
Convert -a (base 11) to base 8.
-12
What is -3 (base 12) in base 13?
-3
0 (base 7) to base 6
0
Convert 0 (base 3) to base 6.
0
37 (base 13) to base 3
1201
-40 (base 8) to base 10
-32
What is -11 (base 2) in base 13?
-3
Convert -46 (base 15) to base 6.
-150
What is 1 (base 7) in base 8?
1
-1 (base 5) to base 4
-1
-30 (base 11) to base 4
-201
What is 10001 (base 2) in base 11?
16
Convert -b0 (base 14) to base 5.
-1104
What is -43 (base 9) in base 16?
-27
Convert 350 (base 7) to base 8.
266
-101020 (base 3) to base 6
-1140
-365 (base 7) to base 2
-11000010
What is -1 (base 16) in base 6?
-1
Convert 0 (base 16) to base 6.
0
What is 3 (base 15) in base 10?
3
-49 (base 14) to base 3
-2102
-5 (base 7) to base 8
-5
What is 203 (base 4) in base 15?
25
6 (base 8) to base 3
20
Convert -16 (base 12) to base 10.
-18
85 (base 16) to base 12
b1
-15 (base 6) to base 3
-102
-103 (base 14) to base 2
-11000111
Convert 10101 (base 2) to base 3.
210
377 (base 8) to base 15
120
What is 6c (base 14) in base 5?
341
-10122 (base 3) to base 10
-98
What is -1101 (base 5) in base 16?
-97
What is 102100 (base 3) in base 7?
615
What is 32 (base 15) in base 2?
101111
-2 (base 13) to base 16
-2
What is 3 (base 13) in base 7?
3
Convert 101 (base 5) to base 3.
222
Convert -3 (base 10) to base 14.
-3
52 (base 6) to base 4
200
Convert 121 (base 3) to base 14.
12
-3 (base 14) to base 6
-3
Convert 3 (base 5) to base 3.
10
What is 33 (base 12) in base 16?
27
What is -10 (base 6) in base 11?
-6
Convert 1a (base 14) to base 2.
11000
-1 (base 3) to base 7
-1
Convert 1100 (base 6) to base 5.
2002
Convert -132 (base 9) to base 6.
-302
Convert 0 (base 16) to base 11.
0
Convert 21 (base 8) to base 10.
17
Convert 12 (base 9) to base 3.
102
3120 (base 4) to base 8
330
What is 0 (base 11) in base 14?
0
Convert -3 (base 11) to base 4.
-3
-1 (base 14) to base 4
-1
What is -39 (base 12) in base 4?
-231
Convert 11 (base 10) to base 2.
1011
3 (base 5) to base 14
3
Convert 6 (base 7) to base 14.
6
Convert 8 (base 13) to base 4.
20
What is 420 (base 5) in base 7?
215
Convert 300 (base 6) to base 8.
154
What is 20 (base 6) in base 5?
22
Convert -2111 (base 3) to base 11.
-61
-1c (base 13) to base 7
-34
90 (base 12) to base 4
1230
100 (base 8) to base 7
121
What is -73 (base 15) in base 12?
-90
What is 122 (base 3) in base 6?
25
Convert -20 (base 3) to base 13.
-6
Convert 22 (base 13) to base 12.
24
Convert b (base 16) to base 12.
b
What is 7d (base 14) in base 8?
157
What is -12 (base 6) in base 2?
-1000
Convert 1 (base 7) to base 16.
1
-2d (base 16) to base 7
-63
What is -115 (base 8) in base 15?
-52
What is 1 (base 3) in base 4?
1
a9 (base 16) to base 2
10101001
Convert -226 (base 11) to base 6.
-1130
What is 0 (base 5) in base 2?
0
2 (base 15) to base 14
2
431 (base 5) to base 10
116
Convert 10 (base 12) to base 3.
110
2 (base 16) to base 5
2
-10c (base 15) to base 6
-1033
Convert d0 (base 16) to base 6.
544
4 (base 13) to base 11
4
202 (base 5) to base 4
310
Convert -9 (base 12) to base 16.
-9
What is 21 (base 12) in base 7?
34
-114 (base 5) to base 8
-42
What is -15 (base 7) in base 11?
-11
-1011 (base 4) to base 15
-49
What is 0 (base 2) in base 5?
0
What is 6 (base 16) in base 10?
6
179 (base 15) to base 12
243
-7 (base 16) to base 4
-13
-4 (base 12) to base 16
-4
Convert -6 (base 10) to base 6.
-10
-140 (base 8) to base 2
-1100000
b (base 15) to base 10
11
Convert -34 (base 12) to base 10.
-40
Convert 16 (base 7) to base 15.
d
Convert 3 (base 12) to base 4.
3
What is -154 (base 9) in base 10?
-130
Convert -5 (base 14) to base 11.
-5
What is -c (base 14) in base 9?
-13
What is -2 (base 11) in base 2?
-10
71 (base 12) to base 11
78
What is 10100 (base 3) in base 2?
1011010
Convert 25 (base 7) to base 16.
13
7 (base 9) to base 2
111
What is 4 (base 5) in base 15?
4
-1001 (base 2) to base 15
-9
What is -1110 (base 3) in base 5?
-124
Convert 70 (base 11) to base 3.
2212
2 (base 4) to base 10
2
Convert -101 (base 6) to base 4.
-211
Convert 11 (base 8) to base 7.
12
Convert 0 (base 2) to base 3.
0
Convert -11010001 (base 2) to base 15.
-de
-3 (base 7) to base 11
-3
What is 3 (base 15) in base 13?
3
-2 (base 12) to base 9
-2
Convert -5 (base 16) to base 5.
-10
What is 28 (base 9) in base 13?
20
-5 (base 7) to base 8
-5
Convert 227 (base 9) to base 16.
bb
-11001 (base 2) to base 11
-23
-2 (base 3) to base 11
-2
What is -2c (base 16) in base 3?
-1122
131 (base 5) to base 7
56
Convert -3 (base 8) to base 3.
-10
1032 (base 4) to base 10
78
30 (base 7) to base 16
15
What is 2 (base 11) in base 15?
2
Convert -10 (base 12) to base 8.
-14
3 (base 5) to base 12
3
1000111 (base 2) to base 14
51
What is -34 (base 7) in base 16?
-19
Convert -24 (base 9) to base 14.
-18
-1 (base 7) to base 16
-1
What is 2 (base 3) in base 13?
2
-60 (base 10) to base 3
-2020
5 (base 8) to base 2
101
Convert -144 (base 10) to base 11.
-121
-1 (base 7) to base 10
-1
-139 (base 11) to base 16
-a3
Convert -120 (base 10) to base 7.
-231
What is -13 (base 4) in base 10?
-7
Convert 110 (base 5) to base 13.
24
What is 1403 (base 5) in base 3?
22110
What is -146 (base 10) in base 12?
-102
Convert -3 (base 9) to base 10.
-3
Convert -1203 (base 6) to base 15.
-146
Convert -13 (base 15) to base 10.
-18
Convert -1200 (base 3) to base 12.
-39
What is -10001110 (base 2) in base 8?
-216
21201 (base 3) to base 15
dd
20 (base 4) to base 10
8
Convert 71 (base 14) to base 5.
344
What is b6 (base 12) in base 6?
350
6 (base 16) to base 4
12
What is 6d (base 14) in base 5?
342
What is 23 (base 14) in base 8?
37
4 (base 13) to base 3
11
Convert -463 (base 7) to base 16.
-f1
What is 4 (base 9) in base 4?
10
0 (base 11) to base 14
0
54 (base 10) to base 11
4a
2 (base 13) to base 3
2
What is -b (base 15) in base 9?
-12
Convert 203 (base 4) to base 10.
35
-12 (base 12) to base 11
-13
6 (base 10) to base 8
6
Convert -a5 (base 13) to base 5.
-1020
What is 20 (base 4) in base 5?
13
What is -11 (base 13) in base 14?
-10
-115 (base 16) to base 7
-544
Convert 2 (base 10) to base 13.
2
-320 (base 5) to base 2
-1010101
What is 1 (base 7) in base 16?
1
What is -24 (base 7) in base 8?
-22
What is 2 (base 10) in base 14?
2
-2 (base 15) to base 7
-2
What is -123 (base 8) in base 7?
-146
What is 14 (base 9) in base 11?
12
Convert -121 (base 3) to base 14.
-12
What is 22 (base 3) in base 9?
8
What is -195 (base 16) in base 2?
-110010101
What is -d (base 15) in base 13?
-10
What is -8 (base 14) in base 7?
-11
0 (base 7) to base 13
0
-50 (base 8) to base 5
-130
What is -1 (base 13) in base 11?
-1
2 (base 5) to base 4
2
What is 31 (base 4) in base 10?
13
4 (base 9) to base 12
4
What is 0 (base 6) in base 2?
0
39 (base 14) to base 5
201
Convert 152 (base 9) to base 13.
9b
-156 (base 7) to base 3
-10100
What is -1d (base 16) in base 10?
-29
Convert 213 (base 6) to base 8.
121
Convert 3 (base 15) to base 9.
3
-4f (base 16) to base 11
-72
Convert -5 (base 16) to base 12.
-5
Convert -1 (base 6) to base 9.
-1
What is -a (base 16) in base 4?
-22
13 (base 7) to base 5
20
What is -6 (base 13) in base 5?
-11
What is -21 (base 5) in base 11?
-10
What is -12 (base 3) in base 2?
-101
What is 11 (base 6) in base 8?
7
-12 (base 15) to base 3
-122
Convert -8c (base 13) to base 16.
-74
-34 (base 7) to base 14
-1b
What is 1 (base 6) in base 7?
1
Convert 5 (base 10) to base 13.
5
What is 17 (base 15) in base 14?
18
What is 2 (base 10) in base 9?
2
-21 (base 4) to base 6
-13
What is -6 (base 11) in base 13?
-6
-2 (base 6) to base 5
-2
What is 7 (base 16) in base 2?
111
Convert -1431 (base 6) to base 10.
-379
What is -110111 (base 2) in base 14?
-3d
Convert -5 (base 8) to base 9.
-5
What is -b (base 13) in base 3?
-102
What is 1011 (base 2) in base 15?
b
Convert -13 (base 15) to base 8.
-22
Convert -40 (base 7) to base 13.
-22
What is -1 (base 6) in base 12?
-1
What is 71 (base 13) in base 3?
10102
-6 (base 8) to base 12
-6
0 (base 5) to base 13
0
What is -23 (base 5) in base 16?
-d
Convert 1 (base 8) to base 4.
1
Convert 111 (base 2) to base 5.
12
3 (base